tor of t and 29.
29
Suppose 0 = 2*d + 6, 4*d = p + 2*d - 6. Suppose 3*w - 3 = -w - v, p = w + 4*v + 18. Let z = 2 + w. What is the greatest common divisor of 4 and z?
4
Let a be 97/2 - 5 - (-12)/(-8). Let i be ((-42)/(-5))/((-12)/(-40)). What is the highest common divisor of i and a?
14
Suppose c = 9 + 35. Calculate the highest common factor of c and 4.
4
Suppose 3*k = d + 199, -2*d + 252 = 6*k - 2*k. What is the highest common divisor of 13 and k?
13
Let b be -5*(-6)/10 + -2. What is the highest common factor of 1 and b?
1
Let t be 3/6*(-312)/(-2). What is the highest common factor of 26 and t?
26
Let v(i) = -12*i. Let o be v(-1). Let w be 6/3 + 1*o. Let x be -1 + (1*14 - -1). Calculate the greatest common factor of w and x.
14
Let w = -112 - -123. Suppose 5*c + 5*f - 2*f = 376, 4*c - 302 = -2*f. Calculate the highest common divisor of w and c.
11
Suppose -x + 5*x - 3*f = 76, 2*f = -8. Let t = -13 + 37. What is the greatest common factor of x and t?
8
Let q(g) = g**3 + 4*g**2 + 4*g + 2. Let m be q(-2). Calculate the highest common divisor of 22 and m.
2
Suppose 0 = -w - 6*w - 469. Let r = 28 - w. Calculate the highest common factor of 38 and r.
19
Suppose -2*i = n - 20, 3*i + 4*n - 17 = 8. Calculate the greatest common divisor of i and 33.
11
Let u be 3*(-4)/30*-350. Let k = 60 - 40. What is the highest common divisor of u and k?
20
Let d(b) = -2*b - 5. Let t be d(-4). Let l = 82 - 50. Suppose -w = -t*g + 28, 2*g - 7*w + 3*w = l. What is the greatest common factor of 16 and g?
8
Let t = -146 + 206. What is the highest common factor of t and 40?
20
Let p = 14 + 0. Calculate the highest common divisor of 28 and p.
14
Suppose -4*l = -32 + 4. Suppose -l*o + 2*q = -2*o - 92, 3*o + 4*q - 76 = 0. What is the highest common factor of o and 5?
5
Let g = -7 - -31. Let b be 8/g + (-20)/(-3). What is the highest common divisor of 7 and b?
7
Let m be ((-8)/(-5))/((-18)/(-45)). Let s be (-130)/(-14) - m/14. What is the greatest common factor of s and 72?
9
Let n = 54 - 110. Let i be 8/(-2) - (n + -2). What is the highest common factor of i and 6?
6
Let l(d) = d**3 + 8*d**2 + 6*d - 4. Let i be l(-6). Calculate the highest common divisor of 4 and i.
4
Let q = 94 - 12. Let h(v) = -13*v**2 + 5*v - 2. Let t be h(2). Let r = q + t. What is the highest common factor of 57 and r?
19
Let v = 0 + 5. Let r = -120 + 175. What is the highest common factor of v and r?
5
Let g(r) = r + 3. Let t be g(0). Suppose -4*c + 2*c = -k + 18, 0 = t*k + c - 26. Calculate the greatest common factor of 20 and k.
10
Suppose -2*v + 6 = v. Let c be v + 3 + -2 + -1. Calculate the greatest common divisor of 2 and c.
2
Suppose 2*f - 20 = 3*f. Let x be f/6*(-216)/15. What is the greatest common divisor of 16 and x?
16
Let n(s) = s**3 - 11*s**2 - 21*s - 17. Let t be n(13). What is the greatest common divisor of t and 12?
12
Let z(h) = 7*h. Let j be z(12). What is the greatest common factor of j and 12?
12
Suppose -5*u + 10 = -10. Let l = 297 + -117. Suppose 5*y = 5*a + l, -4*y + 7*y + 3*a = 84. What is the highest common factor of u and y?
4
Let k = -6 + 38. Let f = 41 + -25. Calculate the greatest common factor of k and f.
16
Let t be -36*(-2 + (-15)/(-6)). Let d be 4/(((-21)/t)/7). Let u(l) = 13*l**2 - 5*l + 4. Let q be u(4). What is the greatest common factor of q and d?
24
Suppose -2*h + 30 = -5*p, 2*p = -2*p. Suppose -1 + h = w. Suppose -473 = -5*j + 5*g + 97, -2*g = -3*j + 340. What is the highest common divisor of w and j?
14
Suppose -m = 2*m - 12. Suppose 5*n + 220 = 5*q, n = 5*q + 4*n - 220. What is the highest common factor of q and m?
4
Let l = -9 + 18. Calculate the highest common factor of 9 and l.
9
Let y = -2 - 0. Let r = 5 + y. Calculate the greatest common factor of 1 and r.
1
Let s be (-112)/(-24)*(-1)/((-21)/18). Suppose 5*y - 3*u - 5 = 0, 0 = -2*y - 2*u + 8 + 10. Calculate the greatest common divisor of y and s.
4
Let x(z) = z + 15. Let r be x(15). Suppose -1340 = -4*d - 5*f, d - 1006 = -2*d - 4*f. What is the greatest common divisor of r and d?
30
Let m be (-2)/((-4)/146) + -2. Suppose -p + m = -73. What is the highest common divisor of 18 and p?
18
Suppose -4*l + 28 - 6 = m, 2*m - l = 26. Calculate the greatest common factor of 7 and m.
7
Let z be (-3)/3 - -61 - (-12)/(-3). What is the greatest common divisor of 56 and z?
56
Suppose -6*b = -2*b - 8. Suppose 0*p + 2*u = b*p - 8, -3*p + 28 = 5*u. Suppose 76 + 188 = 4*g. Calculate the highest common factor of g and p.
6
Let h(k) = 2*k - 8*k + 3 + 14*k**2 + 4*k. Let n = -8 - -5. Let y be h(n). What is the greatest common divisor of 15 and y?
15
Suppose 5*u = -5*g + 180, -3*g - 4*u + 105 = -2*u. Calculate the greatest common factor of 11 and g.
11
Let q = 23 - 9. Suppose 6*g = g + 140. Calculate the highest common divisor of q and g.
14
Let n be (168/1)/3 - 0. Suppose 3*k - k = n. What is the greatest common divisor of 14 and k?
14
Let o be (-1 - (-2 - -2))*-4. Suppose -4*y + 2*i + 55 = -3*y, 0 = -o*y + i + 220. Let n be 2/((-7)/(-5) - 1). Calculate the highest common factor of y and n.
5
Let o be 3/6*2*-10. Let d be ((-9)/15)/1*o. What is the greatest common factor of 24 and d?
6
Suppose 5*d = -4*n + 206, 5*d = n - 66 + 277. Let j = 18 + d. Let z be 14*1 + (2 - 4). What is the greatest common factor of j and z?
12
Let d(w) = -w**3 + 5*w**2 - 1. Let q be 5 - 2 - (-2 + 1). Let x be d(q). What is the greatest common factor of 105 and x?
15
Let t = 42 + -28. Suppose d + 4*d + 4*r = 18, -4*d = 3*r - 14. Suppose 0 = -2*i - d*i + 56. Calculate the highest common divisor of t and i.
14
Suppose p - 62 = 2*g, -p - 6*g + 32 = -2*g. What is the greatest common factor of 13 and p?
13
Let x(g) = -g**3 - 6*g**2 - 5*g + 6. Let m be x(-7). Calculate the greatest common factor of m and 10.
10
Let r be 4/(-10) + 8449/85. Calculate the greatest common divisor of r and 33.
33
Suppose 141*v - 136*v - 675 = 0. Suppose 0 = 5*j - 72 - 198. What is the greatest common factor of j and v?
27
Suppose -48 = -5*v + 27. Calculate the highest common factor of v and 6.
3
Let j(f) = -16*f. Let k be j(-16). Calculate the greatest common factor of 32 and k.
32
Suppose 0 = -5*z + 2*a - 0*a + 11, -23 = -5*z - 4*a. Calculate the greatest common factor of 33 and z.
3
Suppose -3*o + 64 = 2*h, -o + 128 = -h + 5*h. Let j = h + -12. Calculate the greatest common divisor of 20 and j.
20
Let i be -3 + (-7)/(14/1194). Let k = i - -840. Calculate the highest common factor of k and 30.
30
Let g be (-242)/(-5) + (-12)/30. What is the greatest common factor of 6 and g?
6
Let n(h) = 3*h + 2. Let c be n(11). Suppose 7*i - 2*i = c. Let x be ((-1)/2)/((-1)/2). What is the greatest common divisor of i and x?
1
Suppose d = -3*d. Suppose -3*i + 15 = 4*a, -a + d*a + 3 = i. Let n be -3*1 + 78/a. What is the greatest common divisor of 30 and n?
10
Let z(r) = -3*r**3 - r**2 - 3*r - 2. Suppose -4*q = 1 + 7. Let t be z(q). Calculate the greatest common divisor of 96 and t.
24
Let p(t) = t**2 - 6*t - 2. Let g be p(6). Suppose 0 = -3*a - 0*a + 3. Let s = a - g. What is the greatest common divisor of 3 and s?
3
Suppose l + 69 = 4*y, -9 = -2*y + 4*l + 29. Let f = y - -3. Calculate the greatest common divisor of f and 30.
10
Let a be (-90 - 3)*4/6. Let o = a - -217. What is the highest common divisor of o and 31?
31
Suppose 2*d + 2*d - 396 = 0. Calculate the highest common divisor of 11 and d.
11
Let o = 92 - 63. What is the highest common factor of o and 29?
29
Let p = 107 - 73. What is the highest common factor of 51 and p?
17
Let s(l) = -4*l**3 - 4*l**3 + 11*l**3 + l + 7*l**3 - l**2. Let w be s(1). Calculate the highest common factor of w and 4.
2
Let j be (-4 + -15 + 4)*-1. Calculate the highest common factor of 135 and j.
15
Suppose 17 = 2*v - l + 6, -5*l + 5 = 2*v. Let h be (-10)/(-25) - 102/v. Let g = h + 47. What is the greatest common divisor of g and 9?
9
Suppose 2*f - 109 = -f + 2*r, 0 = -2*f + 5*r + 80. Calculate the highest common divisor of f and 7.
7
Suppose 5*n - 75 = 5*r, -4*n = -2*n - 3*r - 32. What is the greatest common divisor of n and 39?
13
Let j(g) = 6*g - 4. Let w be j(3). Let m be (-306)/(-2) - (3 - 4). What is the greatest common divisor of w and m?
14
Let n = -49 - -92. Let f(b) = b**3 + b**2 + 26. Let x be f(0). Let h = n - x. Calculate the greatest common di